3. Give h(v).
-3
Let v be (-9)/56 - 16/(-56). Let l(u) be the third derivative of v*u**4 + 0*u + u**2 + 0 - 2/3*u**3. Give l(3).
5
Let j(r) = 9*r + 4. Let k(i) = -5*i - 2. Let n(a) = 4*j(a) + 7*k(a). What is n(6)?
8
Let x(q) = 5 - 16 + q**2 + q**3 - 5*q - 8*q**2. Calculate x(8).
13
Let s be (-4)/14 - (-184)/56. Let z(j) be the second derivative of 0 + 1/2*j**2 + s*j + 1/6*j**3 + 1/6*j**4. What is z(-1)?
2
Let z be 3*((-24)/9)/(-4). Let o(s) = -z - 2*s + 6*s**2 + 4*s**3 + 2*s**3 - 7*s**3 - 2*s**2. Give o(2).
2
Suppose 2 + 5 = -n. Let r(o) = -6*o + 2*o - 3*o - o**2. Let t be r(n). Let x(h) = -h**3 - h - 7. Calculate x(t).
-7
Let i(c) = c**2 - 4*c - 12 + 18 - c + 0*c**2. Suppose 0 = -5*u, -x + 2*u = 3 - 6. Suppose -q + 5*m = 15, x*q - 35 = -3*m - 8. Determine i(q).
6
Let v be 7*1 + (-36)/(-12). Suppose -3*o - 2*o - v = 0. Let q(j) = j**2 + 2*j + 1. Calculate q(o).
1
Let c(i) be the third derivative of i**7/420 + i**6/720 - i**4/6 - 5*i**2. Let p(m) be the second derivative of c(m). What is p(1)?
7
Let x(m) = m**3 - 5*m**2 + 3*m + 1. Let y(n) = n**2 - 6*n + 6. Let v be y(6). Suppose 3*i - 8 = 2*i + 2*k, -3*i - 3*k + v = 0. Determine x(i).
-3
Let x be (-1)/(15/10) - (-2)/3. Let r(f) = -3*f**2 + f - 2. Let b(y) = 4*y**2 - y + 3. Let c(u) = -4*b(u) - 5*r(u). What is c(x)?
-2
Let r = -2 + 4. Let g(u) = -2 - u**2 - r*u + 0*u + 5*u. Calculate g(3).
-2
Let c be (4/(-12))/(4/(-36)). Let i(b) = -b - 1 + c*b - b. Give i(3).
2
Let v be (8/(-10))/((-2)/10). Let j = -20 + 23. Let m(w) = -v*w - j*w + w. Determine m(-1).
6
Suppose 6*u = u. Let r(n) = -n + u + 2*n - 1 - 4*n. Calculate r(-2).
5
Let y(m) be the first derivative of m**3/3 - 3*m**2 - m - 14. Determine y(4).
-9
Let k(s) be the third derivative of -s**4/8 + 2*s**2. Suppose 0 = -4*x - 0 - 12, -4*g + 18 = 2*x. Suppose -2*j - 12 = -g*j. Determine k(j).
-9
Let i(u) be the first derivative of -u**4/4 + 7*u**3/3 - 2*u**2 - 3*u - 5. What is i(6)?
9
Let t(g) be the second derivative of -g**4/6 - g**2 - 14*g. Give t(2).
-10
Let k(w) = w**3 - 5*w + 0*w + 4*w - 3 - 2*w**3 + 4*w**2. What is k(4)?
-7
Suppose 3*w + w - 10 = -5*y, 3*y = w - 11. Let d(l) be the third derivative of -l**5/60 + 5*l**4/24 - 5*l**3/6 + l**2. Give d(w).
-5
Let w(o) = o**3 + o**2 + o - 2. Let z(n) = n + 7. Let s be z(-7). Give w(s).
-2
Let x(q) = 4. Let h(n) = 5. Let j(k) = -3*h(k) + 4*x(k). Let y(z) = z - 3. Let d(a) = -4*j(a) - 2*y(a). Let s = 3 - -1. Calculate d(s).
-6
Let y(o) = -2*o - 6. Let g be 6 + (2 - 4/(-4)). Suppose -q = -g + 13. What is y(q)?
2
Let w(k) = 2*k - k - 2*k. Let o be ((0 - (-2)/3)*6)/(-2). Give w(o).
2
Let c be 1/(-1)*(15 + -10). Let n(b) = b**3 + 3*b**2 + 2. Let t be n(-3). Let p(l) = 1 + 7*l + 6*l**t + l**3 - 1 + 6. Give p(c).
-4
Let l = 13 + -10. Let v be (4 - (-2 + l))*1. Let p(i) = 2*i - 1. What is p(v)?
5
Let j(r) = -28*r**3 - 2*r**2 - r + 1. Let n(y) = -2*y**2 + y. Let t(v) = j(v) - n(v). Calculate t(1).
-29
Let i(z) = z. Let g(o) = 3*o - 3. Let u(p) = -g(p) + 4*i(p). Suppose -4*d + 3*d + 5 = 0. Calculate u(d).
8
Let j(h) = h**3 + 5*h**2 + 7*h + 6. Let g be 11/((-66)/(-12)) + -3*2. Give j(g).
-6
Let r(v) = v**3 + 5*v**2 + 3*v. Let u be (0/(-2) - 2)*2. Let j be r(u). Let y(x) = 1 + 4*x**2 + x - j*x**2 - x**2. Determine y(3).
-5
Let m(k) = -6*k**3 - k**2 + k + 1. Let x be 4/18 - (-11)/(-9). Give m(x).
5
Let k(g) = g**2 + 3*g - 1. Let p be (1 + 1 - 0)*12/(-8). Determine k(p).
-1
Let r(u) = -u**3 + 7*u - 5. Let b(n) = 3*n**3 + n**2 - 21*n + 14. Let w(i) = -6*b(i) - 17*r(i). Determine w(-7).
1
Let h(q) = -2 - 7*q + 3*q**2 + 13*q - 2*q**2 - 2. Give h(-6).
-4
Let k(n) be the second derivative of -n**4/6 + 2*n**3/3 - 3*n**2/2 + 5*n. Suppose w - 6 = -a, 0*a + 5*w = -3*a + 28. Suppose -a + 9 = 4*z. What is k(z)?
-3
Let x(v) be the third derivative of -v**6/120 + 2*v**5/15 - 7*v**4/24 + 7*v**3/6 + 13*v**2. Calculate x(7).
7
Let f(w) = -5*w**2 - w. Suppose 0 = -4*d - k - 7, -2*d - d - 3*k = 12. Give f(d).
-4
Let c be (-1)/(6/9)*-6. Let y = 5 - c. Let f = y - -6. Let i(l) = l**2 - 2*l + 2. Give i(f).
2
Let p(b) = -4*b - 2. Suppose -r - 3*r + 6 = -3*g, 0 = 2*g - 3*r + 4. What is p(g)?
6
Let r = -6 + 11. Let a = r + -3. Let f(n) = n**3 - 2*n**2 + 4*n - 2. Give f(a).
6
Let h(q) be the first derivative of -3 + 1/2*q**2 + 0*q - 1/3*q**3. Suppose 2*p + 8 = -2*p. Determine h(p).
-6
Let s(w) be the second derivative of -w**4/12 + 7*w**3/6 - w**2 + 13*w. Give s(4).
10
Let v(j) = 3*j**3 - 4*j**2 - 7*j - 33. Let f(a) = 2*a**3 - 3*a**2 - 5*a - 22. Let p(s) = 7*f(s) - 5*v(s). What is p(0)?
11
Suppose -4*r - r + 2 = -3*i, -i + r = 0. Let u(s) = s**2 + 4*s + i + 1 + 1. Determine u(-3).
0
Let o = 8 + -3. Let z(w) = -4 - 14*w**2 - 2*w - 4*w + 10*w**2 + w**3. What is z(o)?
-9
Let w(i) = -i - 1. Let r(z) = -4*z - 14. Let m(s) = r(s) - 3*w(s). Suppose 5*t - 5*c - 5 + 0 = 0, -2*t + 4*c + 4 = 0. What is m(t)?
-11
Let p(k) = 3 - 5*k + 3*k + 4*k + 2*k - k**2. Determine p(6).
-9
Let b(y) = y**2 - 4*y. Let q(t) = 2*t**2 - 7*t + 1. Let x(h) = 5*b(h) - 2*q(h). Suppose -15 = -4*u + 5. Suppose 15 = r + 4*r, -k = -u*r + 10. Determine x(k).
-7
Let f be 18/52 + 1/(39/6). Let m(y) be the first derivative of 0*y + 5/3*y**3 + 1 - f*y**2. Calculate m(1).
4
Let m(r) = -19*r + 3. Let a(z) = -10*z + 2. Let u(b) = 5*a(b) - 3*m(b). Let x be u(-1). Let i(h) = h + 1. Calculate i(x).
-5
Let p(i) be the third derivative of -i**6/120 - i**5/20 + i**4/12 - 2*i**3/3 + 23*i**2. Calculate p(-3).
-10
Let r(u) = -u**3 - 4*u**2 - 2*u - 1. Let d be 195/21 - (-2)/(-7). Let t = 4 - 2. Suppose 3*h + 9 = -5*i + h, i - t*h + d = 0. What is r(i)?
-4
Let h(j) = j**3 - 3*j**2 - 3*j + 3. Let y(i) = -i**3 - 4*i**2 - i - 2. Let b be y(-4). Suppose 0 = -3*n + b + 7. Give h(n).
-6
Let j(w) = -w - 3*w**2 + 4*w**3 + 0*w - 5*w**3. Suppose 3*m + 3*k - 6 = 0, -4*m - 4*k = -3*k + 4. Give j(m).
-2
Let s be 8 + 0 + (2 - 7). Let w(b) be the second derivative of 0 - b - 1/2*b**2 + 1/2*b**s. Calculate w(-1).
-4
Let l(h) = 3*h + 5. Let d(y) = y + 2. Let f(k) = 9*d(k) - 4*l(k). Determine f(3).
-11
Let k(v) = -v - 2. Suppose 5*b - 19 = t + t, 0 = 3*b - 5*t - 19. Suppose -2*y + 13 = n, b*n - y = 2*n - 2. What is k(n)?
-5
Let x be (1 - 0)*6/6. Let g = -2 + x. Let p(t) = -2*t - 3. Let b(f) = -3*f - 5. Let a(n) = 3*b(n) - 5*p(n). Calculate a(g).
-1
Let d(z) = -2*z**2 + z + 2*z**2 - 12*z**3 + 0*z**2. Determine d(-1).
11
Let g be -2*(-5)/((-15)/(-6)). Let j = g + -4. Let v(r) = -r - 5. What is v(j)?
-5
Let q(a) = -10*a**2 - 1. Suppose 6*x - 4*x + 4 = 0, 0 = -2*d + 2*x + 6. Calculate q(d).
-11
Let b be 6/9*21/28. Let k(i) be the second derivative of -1/6*i**4 - b*i**2 + 0 - i + 1/6*i**3. Calculate k(1).
-2
Let l(y) = -228*y + 223*y + y**2 - 8 + 1. Give l(6).
-1
Let i(a) = a**3 + 9*a**2 + 7*a - 5. Let k = -48 - -40. Calculate i(k).
3
Let x(q) = q**3 + 1. Let s(t) = t**3. Let y(f) = -3*s(f) + 4*x(f). Let w = 16 - 14. Suppose 4*b - 12 = -4*n, w*b + 2*b = 2*n - 6. What is y(b)?
4
Let t(h) be the third derivative of h**2 + 0 + 7/24*h**4 + 0*h + 1/6*h**3. Let d be 1/(-1*(5 + -4))*1. Give t(d).
-6
Let h = -32 + 18. Let w = h + 16. Let q(z) be the first derivative of -z**3/3 - z + 1. What is q(w)?
-5
Let q(i) be the second derivative of i**7/2520 + i**6/120 + i**5/60 + i**4/6 - 2*i. Let f(l) be the third derivative of q(l). Determine f(-5).
-3
Let r(q) = 5*q**2 + 16*q + 6. Let j(b) = -14*b**2 - 47*b - 19. Let u(c) = 4*j(c) + 11*r(c). Let h be u(-11). Let t(a) = 13*a**3 - a**2. What is t(h)?
12
Let v(p) = p**2 + 3*p + 1. Let u be v(-3). Let s be 0 - -3*u/1. Let y(w) = -w + 4. Give y(s).
1
Let n(f) be the third derivative of -f**2 + 0 + 1/4*f**4 - 1/6*f**3 + 1/60*f**5 + 0*f. What is n(-6)?
-1
Let p(j) = -j + 6. Let g be (1/(2/4))/(46/69). What is p(g)?
3
Suppose 30 = t + 4*t. Let w(y) = -y**2 + 6*y - 2. What is w(t)?
-2
Let d(v) be the first derivative of 0*v + 2/3*v**3 - 1 + v**2 - 1/8*v**4. Let a(b) be the second derivative of d(b). Determine a(4).
-8
Suppose 0 = 4*v - 4*k - 4, -32 = -3*v - 2*k - 4. Let b(s) be the first derivative of -s**2 + 6*s - 2. What is b(v)?
-6
Suppose 0 = z + 5*w - 2, 3*z = 5*z - 3*w - 17. Let m(q) = 16 - z + q**3 - 5 - 3*q**2 - q. Calculate m(3).
1
Suppose 8 = d + d. Let s(h) = -d*h - h - 11 + 20*h + 10. What is s(1)?
14
Let x(q) = 14*q - 12. Let b = -31 + 27. Let h(f) = 5*f - 4. Let m(i)